{"id":9541,"date":"2024-04-29T11:12:34","date_gmt":"2024-04-29T15:12:34","guid":{"rendered":"https:\/\/crrf-fcrr.ca\/?post_type=event&#038;p=9541"},"modified":"2024-05-13T13:32:34","modified_gmt":"2024-05-13T17:32:34","slug":"assemblee-publique-annuelle-2024","status":"publish","type":"event","link":"https:\/\/crrf-fcrr.ca\/fr\/event\/assemblee-publique-annuelle-2024\/","title":{"rendered":"Assembl\u00e9e publique annuelle 2024 de la FCRR"},"content":{"rendered":"\n<p>La Fondation canadienne des relations raciales (FCRR) tiendra son assembl\u00e9e publique annuelle (APA) le\u00a0<strong>vendredi 14 juin, \u00e0 13 heures HAE<\/strong>\u00a0&#8211; via Zoom. L&rsquo;APA est l&rsquo;occasion pour la FCRR de faire part de ses r\u00e9alisations au cours du dernier exercice financier et pour les membres du public de poser des questions.<\/p>\n\n\n\n<p>Vous pouvez envoyer toutes vos questions \u00e0 l&rsquo;avance \u00e0&nbsp;<a href=\"mailto:programs@crrf-fcrr.ca\">programs@crrf-fcrr.ca<\/a>&nbsp;avant le 12 juin 2024, en indiquant comme objet \u00ab APA FCRR \u00bb.<\/p>\n\n\n\n<p><strong>Date<\/strong> : 14 juin 2024&nbsp;&nbsp;<\/p>\n\n\n\n<p><strong>Heure<\/strong> : 13 h HAE (10 h HAP, 11 h HAR, 12 h HAC, 14 h HAA)\u00a0<\/p>\n\n\n\n<p><strong>Lieu<\/strong> : Virtuellement via zoom (un lien sera envoy\u00e9 aux personnes inscrites au pr\u00e9alable)<\/p>\n\n\n\n<p>&#8212;<\/p>\n\n\n\n<p><strong>Ordre du jour de la r\u00e9union publique annuelle<\/strong><\/p>\n\n\n\n<ul class=\"wp-block-list\">\n<li>Mot de bienvenue et remarques pr\u00e9liminaires<\/li>\n\n\n\n<li>Points forts des activit\u00e9s de la FCRR<\/li>\n\n\n\n<li>Pleins feux sur le b\u00e9n\u00e9ficiaire du Fonds national de lutte contre le racisme de la FCRR, le&nbsp;<strong><em>Social Planning Council of Winnipeg<\/em><\/strong>&#8211; Discussion informelle avec Reyhana Patel et Craig C. Brown<\/li>\n\n\n\n<li>R\u00e9actions du public et questions-r\u00e9ponses<\/li>\n\n\n\n<li>Observations finales<\/li>\n<\/ul>\n\n\n\n<p><strong>Reyhana Patel&nbsp;<\/strong>est actuellement membre du conseil d&rsquo;administration de la FCRR et directrice des communications et des relations gouvernementales de l&rsquo;ONG internationale Islamic Relief Canada. Ancienne journaliste de BBC News, Reyhana a toujours milit\u00e9 pour le changement au sein de la soci\u00e9t\u00e9 civile et des communaut\u00e9s minoritaires sur les questions li\u00e9es \u00e0 la violence sexiste, au racisme et aux droits des femmes. Elle dirige le portefeuille de la violence fond\u00e9e sur le genre \u00e0 Islamic Relief, o\u00f9 elle est sp\u00e9cialis\u00e9e dans l&rsquo;\u00e9laboration de politiques, de recherches et de campagnes de sensibilisation sur la lutte contre les normes religieuses et culturelles utilis\u00e9es pour commettre des actes de violence fond\u00e9e sur le genre. Reyhana \u00e9crit r\u00e9guli\u00e8rement pour des m\u00e9dias grand public et son travail a \u00e9t\u00e9 pr\u00e9sent\u00e9 par la BBC, la CBC, le Huffington Post et le Toronto Star. Reyhana est n\u00e9e \u00e0 la Barbade, o\u00f9 elle a v\u00e9cu la majeure partie de sa vie avant de s&rsquo;installer au Royaume-Uni, puis au Canada.<\/p>\n\n\n\n<p><strong>Craig&nbsp;C. Brown&nbsp;<\/strong>N\u00e9 \u00e0 Kingston, en Jama\u00efque, Craig a commenc\u00e9 sa carri\u00e8re dans le secteur financier, o\u00f9 il a pass\u00e9 11 ans \u00e0 occuper divers postes li\u00e9s au service \u00e0 la client\u00e8le et aux ressources humaines. Bien qu&rsquo;il ait pr\u00e9c\u00e9demment obtenu des dipl\u00f4mes en psychologie (B.Sc.) et en administration des affaires (M.B.A), en 2017, Craig a d\u00e9m\u00e9nag\u00e9 avec sa femme (Kay-Dene) \u00e0 Winnipeg pour poursuivre une ma\u00eetrise en kin\u00e9siologie et en gestion des loisirs avec une sp\u00e9cialisation en psychologie du sport, qu&rsquo;il a achev\u00e9e en 2020. Les activit\u00e9s professionnelles de Craig depuis son arriv\u00e9e \u00e0 Winnipeg comprennent divers projets de recherche li\u00e9s aux exp\u00e9riences des nouveaux arrivants dans le sport au Manitoba, \u00e0 la r\u00e9silience des jeunes <em>queers<\/em>, \u00e0 la lutte contre le racisme dans le sport \u00e0 Winnipeg et \u00e0 un examen de l&rsquo;\u00e9quit\u00e9, de la diversit\u00e9 et de l&rsquo;inclusion organisationnelles. Craig a \u00e9galement travaill\u00e9 avec l&rsquo;\u00e9quipe de soccer f\u00e9minin de l&rsquo;Universit\u00e9 du Manitoba en tant que consultant en psychologie du sport \u00e9tudiant. Le mantra de Craig est d&rsquo;\u00eatre le changement qu&rsquo;il souhaite voir chez les autres, une interaction \u00e0 la fois. Craig dirige les efforts de recherche et de formation dans le cadre de la campagne contre le racisme dans le sport<\/p>\n\n\n\n<p><a href=\"https:\/\/crrf-fcrr.ca\/fr\/rapports-annuels-etats-financiers\/\" target=\"_blank\" rel=\"noreferrer noopener\">Lire et t\u00e9l\u00e9charger notre rapport annuel 2022-2023<\/a><\/p>\n\n\n\n<p>Nous esp\u00e9rons tous vous rencontrer \u00e0 l&rsquo;occasion de la r\u00e9union publique annuelle!&nbsp;<\/p>\n","protected":false},"excerpt":{"rendered":"<p>La Fondation canadienne des relations raciales (FCRR) tiendra son assembl\u00e9e publique annuelle (APA) le\u00a0vendredi 14 juin, \u00e0 13 heures HAE\u00a0&#8211; via Zoom. L&rsquo;APA est l&rsquo;occasion pour la FCRR de faire part de ses r\u00e9alisations au cours du dernier exercice financier et pour les membres du public de poser des questions. Vous pouvez envoyer toutes vos [&hellip;]<\/p>\n","protected":false},"featured_media":9542,"parent":0,"template":"","class_list":["post-9541","event","type-event","status-publish","has-post-thumbnail","hentry"],"acf":[],"_links":{"self":[{"href":"https:\/\/crrf-fcrr.ca\/fr\/wp-json\/wp\/v2\/event\/9541","targetHints":{"allow":["GET"]}}],"collection":[{"href":"https:\/\/crrf-fcrr.ca\/fr\/wp-json\/wp\/v2\/event"}],"about":[{"href":"https:\/\/crrf-fcrr.ca\/fr\/wp-json\/wp\/v2\/types\/event"}],"wp:featuredmedia":[{"embeddable":true,"href":"https:\/\/crrf-fcrr.ca\/fr\/wp-json\/wp\/v2\/media\/9542"}],"wp:attachment":[{"href":"https:\/\/crrf-fcrr.ca\/fr\/wp-json\/wp\/v2\/media?parent=9541"}],"curies":[{"name":"wp","href":"https:\/\/api.w.org\/{rel}","templated":true}]}}

Assemblée publique annuelle 2024 de la FCRR

<p>La Fondation canadienne des relations raciales (FCRR) tiendra son assemblée publique annuelle (APA) le <strong>vendredi 14 juin, à 13 heures HAE</strong> &#8211; via Zoom. L&rsquo;APA est l&rsquo;occasion pour la FCRR de faire part de ses réalisations au cours du dernier exercice financier et pour les membres du public de poser des questions.</p>



<p>Vous pouvez envoyer toutes vos questions à l&rsquo;avance à&nbsp;<a href="mailto:programs@crrf-fcrr.ca">programs@crrf-fcrr.ca</a>&nbsp;avant le 12 juin 2024, en indiquant comme objet « APA FCRR ».</p>



<p><strong>Date</strong> : 14 juin 2024&nbsp;&nbsp;</p>



<p><strong>Heure</strong> : 13 h HAE (10 h HAP, 11 h HAR, 12 h HAC, 14 h HAA) </p>



<p><strong>Lieu</strong> : Virtuellement via zoom (un lien sera envoyé aux personnes inscrites au préalable)</p>



<p>&#8212;</p>



<p><strong>Ordre du jour de la réunion publique annuelle</strong></p>



<ul class="wp-block-list">
<li>Mot de bienvenue et remarques préliminaires</li>



<li>Points forts des activités de la FCRR</li>



<li>Pleins feux sur le bénéficiaire du Fonds national de lutte contre le racisme de la FCRR, le&nbsp;<strong><em>Social Planning Council of Winnipeg</em></strong>&#8211; Discussion informelle avec Reyhana Patel et Craig C. Brown</li>



<li>Réactions du public et questions-réponses</li>



<li>Observations finales</li>
</ul>



<p><strong>Reyhana Patel&nbsp;</strong>est actuellement membre du conseil d&rsquo;administration de la FCRR et directrice des communications et des relations gouvernementales de l&rsquo;ONG internationale Islamic Relief Canada. Ancienne journaliste de BBC News, Reyhana a toujours milité pour le changement au sein de la société civile et des communautés minoritaires sur les questions liées à la violence sexiste, au racisme et aux droits des femmes. Elle dirige le portefeuille de la violence fondée sur le genre à Islamic Relief, où elle est spécialisée dans l&rsquo;élaboration de politiques, de recherches et de campagnes de sensibilisation sur la lutte contre les normes religieuses et culturelles utilisées pour commettre des actes de violence fondée sur le genre. Reyhana écrit régulièrement pour des médias grand public et son travail a été présenté par la BBC, la CBC, le Huffington Post et le Toronto Star. Reyhana est née à la Barbade, où elle a vécu la majeure partie de sa vie avant de s&rsquo;installer au Royaume-Uni, puis au Canada.</p>



<p><strong>Craig&nbsp;C. Brown&nbsp;</strong>Né à Kingston, en Jamaïque, Craig a commencé sa carrière dans le secteur financier, où il a passé 11 ans à occuper divers postes liés au service à la clientèle et aux ressources humaines. Bien qu&rsquo;il ait précédemment obtenu des diplômes en psychologie (B.Sc.) et en administration des affaires (M.B.A), en 2017, Craig a déménagé avec sa femme (Kay-Dene) à Winnipeg pour poursuivre une maîtrise en kinésiologie et en gestion des loisirs avec une spécialisation en psychologie du sport, qu&rsquo;il a achevée en 2020. Les activités professionnelles de Craig depuis son arrivée à Winnipeg comprennent divers projets de recherche liés aux expériences des nouveaux arrivants dans le sport au Manitoba, à la résilience des jeunes <em>queers</em>, à la lutte contre le racisme dans le sport à Winnipeg et à un examen de l&rsquo;équité, de la diversité et de l&rsquo;inclusion organisationnelles. Craig a également travaillé avec l&rsquo;équipe de soccer féminin de l&rsquo;Université du Manitoba en tant que consultant en psychologie du sport étudiant. Le mantra de Craig est d&rsquo;être le changement qu&rsquo;il souhaite voir chez les autres, une interaction à la fois. Craig dirige les efforts de recherche et de formation dans le cadre de la campagne contre le racisme dans le sport</p>



<p><a href="https://crrf-fcrr.ca/fr/rapports-annuels-etats-financiers/" target="_blank" rel="noreferrer noopener">Lire et télécharger notre rapport annuel 2022-2023</a></p>



<p>Nous espérons tous vous rencontrer à l&rsquo;occasion de la réunion publique annuelle!&nbsp;</p>

<p>La Fondation canadienne des relations raciales (FCRR) tiendra son assemblée publique annuelle (APA) le vendredi 14 juin, à 13 heures HAE &#8211; via Zoom. L&rsquo;APA est l&rsquo;occasion pour la FCRR de faire part de ses réalisations au cours du dernier exercice financier et pour les membres du public de poser des questions. Vous pouvez envoyer toutes vos [&hellip;]</p>
