{"id":14156,"date":"2025-11-06T13:23:23","date_gmt":"2025-11-06T18:23:23","guid":{"rendered":"https:\/\/crrf-fcrr.ca\/?page_id=14156"},"modified":"2025-11-06T13:51:44","modified_gmt":"2025-11-06T18:51:44","slug":"projet-de-loi-c9","status":"publish","type":"page","link":"https:\/\/crrf-fcrr.ca\/fr\/projet-de-loi-c9\/","title":{"rendered":"Loi modifiant le Code criminel (propagande haineuse, crime haineux et acc\u00e8s \u00e0 des lieux religieux ou culturels)"},"content":{"rendered":"\n\n\n\n<p>Le 19&nbsp;septembre 2025, le ministre de la Justice Sean Fraser a pr\u00e9sent\u00e9 le <a href=\"https:\/\/www.justice.gc.ca\/fra\/sjc-csj\/pl\/charte-charter\/c9_2.html\" target=\"_blank\" rel=\"noreferrer noopener\">projet de loi&nbsp;C-9<\/a>, <em>Loi modifiant le Code criminel (propagande haineuse, crimes haineux et acc\u00e8s \u00e0 des lieux religieux ou culturels),<\/em> qui vise \u00e0 renforcer les protections contre les comportements motiv\u00e9s par la haine et \u00e0 prot\u00e9ger l\u2019acc\u00e8s aux lieux religieux ou culturels et aux \u00e9tablissements d\u2019enseignement.<\/p>\n\n\n\n<p>La FCRR appuie l\u2019objectif du gouvernement de s\u2019attaquer \u00e0 la hausse alarmante des crimes haineux au Canada. En 2024, un nombre record de 4\u2009882\u00a0incidents motiv\u00e9s par la haine ont \u00e9t\u00e9 signal\u00e9s \u00e0 la <a href=\"https:\/\/www150.statcan.gc.ca\/n1\/daily-quotidien\/250722\/dq250722a-fra.htm\" target=\"_blank\" rel=\"noreferrer noopener\">police<\/a> \u2014 il s\u2019agit du plus grand nombre d\u2019incidents signal\u00e9s depuis que la collecte syst\u00e9matique de donn\u00e9es a \u00e9t\u00e9 \u00e9tablie en 2009.<\/p>\n\n\n\n<p>Derri\u00e8re ces chiffres, il y a des communaut\u00e9s qui vivent dans la peur et qui subissent des traumatismes.<\/p>\n\n\n\n<p>Bien qu&rsquo;on soutien le gouvernement dans son d\u00e9sir de combattre la haine et de prot\u00e9ger les communaut\u00e9s, y compris certains aspects du projet de loi&nbsp;C-9, plusieurs de ses dispositions sont \u00e0 notre avis inapplicables, redondantes ou risquent de miner les libert\u00e9s prot\u00e9g\u00e9es par la<em> Charte canadienne des droits et libert\u00e9s<\/em>. Certains \u00e9l\u00e9ments du projet de loi&nbsp;C-9 \u00e9largissent la port\u00e9e du droit p\u00e9nal sans protections correspondantes et peuvent involontairement freiner les activit\u00e9s l\u00e9gitimes de manifestation, expression et r\u00e9union. Dans l&rsquo;\u00e9tat actuel, le projet de loi&nbsp;C-9 constitue une r\u00e9ponse incompl\u00e8te et parfois excessive \u00e0 la haine, une r\u00e9ponse qui priorise les nouvelles infractions plut\u00f4t que les r\u00e9formes, la collecte des donn\u00e9es et les soutiens pour les victims que les communaut\u00e9s ont toujours r\u00e9clam\u00e9s.<\/p>\n\n\n\n<p>Nous fondant sur un engagement avec des experts juridiques et policiers ainsi qu&rsquo;avec les communaut\u00e9s, nous recommandons des ajustements au projet de loi pour nous assurer qu\u2019elle traite efficacement les comportements motiv\u00e9s par la haine tout en garantissant la protection des droits et libert\u00e9s fondamentaux.<\/p>\n\n\n\n<h5 class=\"wp-block-heading\">Pour en savoir plus, consultez notre m\u00e9moire officielle au Comit\u00e9 permanent de la justice et des droits de la personne ci-dessous.<\/h5>\n\n\n\t\t\t<div class=\"cta-download-small\">\n\t\t\t<a class=\"link--download\" href=\"https:\/\/crrf-fcrr.ca\/wp-content\/uploads\/2025\/11\/2025-11-06-CRRF-Submission-on-Bill-C-9-FINAL-FR.pdf\" download>\n\t\t\t\tLire notre m\u00e9moire ici\t\t\t<\/a>\n\t\t<\/div>\n\t\n\n\n<p>La mont\u00e9e de la haine au Canada est un enjeu national urgent, et en \u00e9rigeant de nouvelles infractions de propagande haineuse, le gouvernement franchit une \u00e9tape importante pour la contrer. Toutefois, afin d\u2019inverser la tendance, l\u2019approche adopt\u00e9e devra \u00eatre plus globale et inclure un changement syst\u00e9mique, une meilleure collecte des donn\u00e9es et un soutien accru aux victimes. Nous esp\u00e9rons pouvoir continuer \u00e0 travailler avec nos partenaires f\u00e9d\u00e9raux afin de concr\u00e9tiser ces changements.<\/p>\n\n\n\n<p><\/p>\n","protected":false},"excerpt":{"rendered":"<p>Le 19&nbsp;septembre 2025, le ministre de la Justice Sean Fraser a pr\u00e9sent\u00e9 le projet de loi&nbsp;C-9, Loi modifiant le Code criminel (propagande haineuse, crimes haineux et acc\u00e8s \u00e0 des lieux religieux ou culturels), qui vise \u00e0 renforcer les protections contre les comportements motiv\u00e9s par la haine et \u00e0 prot\u00e9ger l\u2019acc\u00e8s aux lieux religieux ou culturels [&hellip;]<\/p>\n","protected":false},"author":8,"featured_media":0,"parent":0,"menu_order":0,"comment_status":"closed","ping_status":"closed","template":"","meta":{"_acf_changed":false,"footnotes":""},"class_list":["post-14156","page","type-page","status-publish","hentry"],"acf":[],"_links":{"self":[{"href":"https:\/\/crrf-fcrr.ca\/fr\/wp-json\/wp\/v2\/pages\/14156","targetHints":{"allow":["GET"]}}],"collection":[{"href":"https:\/\/crrf-fcrr.ca\/fr\/wp-json\/wp\/v2\/pages"}],"about":[{"href":"https:\/\/crrf-fcrr.ca\/fr\/wp-json\/wp\/v2\/types\/page"}],"author":[{"embeddable":true,"href":"https:\/\/crrf-fcrr.ca\/fr\/wp-json\/wp\/v2\/users\/8"}],"replies":[{"embeddable":true,"href":"https:\/\/crrf-fcrr.ca\/fr\/wp-json\/wp\/v2\/comments?post=14156"}],"version-history":[{"count":5,"href":"https:\/\/crrf-fcrr.ca\/fr\/wp-json\/wp\/v2\/pages\/14156\/revisions"}],"predecessor-version":[{"id":14198,"href":"https:\/\/crrf-fcrr.ca\/fr\/wp-json\/wp\/v2\/pages\/14156\/revisions\/14198"}],"wp:attachment":[{"href":"https:\/\/crrf-fcrr.ca\/fr\/wp-json\/wp\/v2\/media?parent=14156"}],"curies":[{"name":"wp","href":"https:\/\/api.w.org\/{rel}","templated":true}]}}

Loi modifiant le Code criminel (propagande haineuse, crime haineux et accès à des lieux religieux ou culturels)

<p>Le 19&nbsp;septembre 2025, le ministre de la Justice Sean Fraser a présenté le <a href="https://www.justice.gc.ca/fra/sjc-csj/pl/charte-charter/c9_2.html" target="_blank" rel="noreferrer noopener">projet de loi&nbsp;C-9</a>, <em>Loi modifiant le Code criminel (propagande haineuse, crimes haineux et accès à des lieux religieux ou culturels),</em> qui vise à renforcer les protections contre les comportements motivés par la haine et à protéger l’accès aux lieux religieux ou culturels et aux établissements d’enseignement.</p>



<p>La FCRR appuie l’objectif du gouvernement de s’attaquer à la hausse alarmante des crimes haineux au Canada. En 2024, un nombre record de 4 882 incidents motivés par la haine ont été signalés à la <a href="https://www150.statcan.gc.ca/n1/daily-quotidien/250722/dq250722a-fra.htm" target="_blank" rel="noreferrer noopener">police</a> — il s’agit du plus grand nombre d’incidents signalés depuis que la collecte systématique de données a été établie en 2009.</p>



<p>Derrière ces chiffres, il y a des communautés qui vivent dans la peur et qui subissent des traumatismes.</p>



<p>Bien qu&rsquo;on soutien le gouvernement dans son désir de combattre la haine et de protéger les communautés, y compris certains aspects du projet de loi&nbsp;C-9, plusieurs de ses dispositions sont à notre avis inapplicables, redondantes ou risquent de miner les libertés protégées par la<em> Charte canadienne des droits et libertés</em>. Certains éléments du projet de loi&nbsp;C-9 élargissent la portée du droit pénal sans protections correspondantes et peuvent involontairement freiner les activités légitimes de manifestation, expression et réunion. Dans l&rsquo;état actuel, le projet de loi&nbsp;C-9 constitue une réponse incomplète et parfois excessive à la haine, une réponse qui priorise les nouvelles infractions plutôt que les réformes, la collecte des données et les soutiens pour les victims que les communautés ont toujours réclamés.</p>



<p>Nous fondant sur un engagement avec des experts juridiques et policiers ainsi qu&rsquo;avec les communautés, nous recommandons des ajustements au projet de loi pour nous assurer qu’elle traite efficacement les comportements motivés par la haine tout en garantissant la protection des droits et libertés fondamentaux.</p>



<h5 class="wp-block-heading">Pour en savoir plus, consultez notre mémoire officielle au Comité permanent de la justice et des droits de la personne ci-dessous.</h5>


			<div class="cta-download-small">
			<a class="link--download" href="https://crrf-fcrr.ca/wp-content/uploads/2025/11/2025-11-06-CRRF-Submission-on-Bill-C-9-FINAL-FR.pdf" download>
				Lire notre mémoire ici			</a>
		</div>
	


<p>La montée de la haine au Canada est un enjeu national urgent, et en érigeant de nouvelles infractions de propagande haineuse, le gouvernement franchit une étape importante pour la contrer. Toutefois, afin d’inverser la tendance, l’approche adoptée devra être plus globale et inclure un changement systémique, une meilleure collecte des données et un soutien accru aux victimes. Nous espérons pouvoir continuer à travailler avec nos partenaires fédéraux afin de concrétiser ces changements.</p>



<p></p>

<p>Le 19&nbsp;septembre 2025, le ministre de la Justice Sean Fraser a présenté le projet de loi&nbsp;C-9, Loi modifiant le Code criminel (propagande haineuse, crimes haineux et accès à des lieux religieux ou culturels), qui vise à renforcer les protections contre les comportements motivés par la haine et à protéger l’accès aux lieux religieux ou culturels [&hellip;]</p>
