{"id":3626,"date":"2023-05-02T13:26:28","date_gmt":"2023-05-02T17:26:28","guid":{"rendered":"https:\/\/crrf-fcrr.ca\/?page_id=3626"},"modified":"2023-05-12T14:28:40","modified_gmt":"2023-05-12T18:28:40","slug":"institut-sur-le-leadership-en-matiere-de-diversite-et-dequite","status":"publish","type":"page","link":"https:\/\/crrf-fcrr.ca\/fr\/institut-sur-le-leadership-en-matiere-de-diversite-et-dequite\/","title":{"rendered":"Institut sur le leadership en mati\u00e8re de diversit\u00e9 et d\u2019\u00e9quit\u00e9"},"content":{"rendered":"\n\n\n\n<div class=\"wp-block-columns pattern-two-column is-layout-flex wp-container-core-columns-is-layout-9d6595d7 wp-block-columns-is-layout-flex\">\n<div class=\"wp-block-column pattern-two-column__title is-layout-flow wp-block-column-is-layout-flow\">\n<h2 class=\"wp-block-heading\">Offrir un soutien aux conseils scolaires afin de d\u00e9velopper leur capacit\u00e9 en mati\u00e8re d&rsquo;\u00e9quit\u00e9 dans tous les domaines<\/h2>\n<\/div>\n\n\n\n<div class=\"wp-block-column pattern-two-column__content is-layout-flow wp-block-column-is-layout-flow\">\n<p>L&rsquo;Institut sur le leadership en mati\u00e8re de diversit\u00e9 et d&rsquo;\u00e9quit\u00e9 (ILD\u00c9) est un programme de formation fortement interactif et exp\u00e9rientiel, s&rsquo;appuyant sur un enseignement con\u00e7u pour les adultes et \u00e9tay\u00e9 par les r\u00e9centes d\u00e9couvertes dans les domaines des neurosciences, de la socio-psychologie et des pr\u00e9jug\u00e9s. L&rsquo;approche de ce programme allie les strat\u00e9gies de lutte contre le racisme \u00e0 l&rsquo;intelligence \u00e9motionnelle et \u00e0 la r\u00e9solution de conflit, et vise l&rsquo;\u00e9quilibre entre l&rsquo;intellect et les \u00e9motions, entre les facteurs internes et les forces externes.<\/p>\n\n\n\n<p>Les formations de l&rsquo;ILDE, \u00e9labor\u00e9es et dispens\u00e9es en partenariat avec la firme&nbsp;<a href=\"http:\/\/animaleadership.com\/about\/our-partners\/\" target=\"_blank\" rel=\"noreferrer noopener\">Anima Leadership<\/a>, offrent aux participants une approche globale unique qui int\u00e8gre la conscience de soi et l&rsquo;attention consciente aux efforts men\u00e9s pour combattre la discrimination. Par son caract\u00e8re participatif, le cours permet aux apprenants d&rsquo;\u00e9tudier les questions d&rsquo;\u00e9quit\u00e9 en profondeur et leur offre des outils pour favoriser des conversations de nature d\u00e9licate sur la question \u00e9pineuse de la race, de la culture et de la diff\u00e9rence.<\/p>\n\n\n\n<p>Au cours des s\u00e9ances de formation de l&rsquo;ILDE, une part \u00e9gale est accord\u00e9e \u00e0 la compr\u00e9hension du racisme syst\u00e9mique, aux r\u00e9actions \u00e9motives, aux relations sociales, aux divers processus en jeu et aux niveaux de conflit qui accompagnent l&rsquo;apprentissage transformationnel. La formation est con\u00e7ue pour aider les dirigeants du syst\u00e8me \u00e9ducatif de l&rsquo;Ontario \u00e0 d\u00e9velopper leur capacit\u00e9 en mati\u00e8re d&rsquo;\u00e9quit\u00e9 dans tous les domaines, et leur offrir un milieu s\u00e9curitaire o\u00f9 discuter des questions d&rsquo;\u00e9quit\u00e9, de race et de droits de la personne. Elle les aidera \u00e0 composer avec les diff\u00e9rences, la diversit\u00e9, les relations de pouvoir et les conflits.<\/p>\n<\/div>\n<\/div>\n","protected":false},"excerpt":{"rendered":"<p>Offrir un soutien aux conseils scolaires afin de d\u00e9velopper leur capacit\u00e9 en mati\u00e8re d&rsquo;\u00e9quit\u00e9 dans tous les domaines L&rsquo;Institut sur le leadership en mati\u00e8re de diversit\u00e9 et d&rsquo;\u00e9quit\u00e9 (ILD\u00c9) est un programme de formation fortement interactif et exp\u00e9rientiel, s&rsquo;appuyant sur un enseignement con\u00e7u pour les adultes et \u00e9tay\u00e9 par les r\u00e9centes d\u00e9couvertes dans les domaines [&hellip;]<\/p>\n","protected":false},"author":1,"featured_media":0,"parent":0,"menu_order":0,"comment_status":"closed","ping_status":"closed","template":"","meta":{"_acf_changed":false,"footnotes":""},"class_list":["post-3626","page","type-page","status-publish","hentry"],"acf":[],"_links":{"self":[{"href":"https:\/\/crrf-fcrr.ca\/fr\/wp-json\/wp\/v2\/pages\/3626","targetHints":{"allow":["GET"]}}],"collection":[{"href":"https:\/\/crrf-fcrr.ca\/fr\/wp-json\/wp\/v2\/pages"}],"about":[{"href":"https:\/\/crrf-fcrr.ca\/fr\/wp-json\/wp\/v2\/types\/page"}],"author":[{"embeddable":true,"href":"https:\/\/crrf-fcrr.ca\/fr\/wp-json\/wp\/v2\/users\/1"}],"replies":[{"embeddable":true,"href":"https:\/\/crrf-fcrr.ca\/fr\/wp-json\/wp\/v2\/comments?post=3626"}],"version-history":[{"count":4,"href":"https:\/\/crrf-fcrr.ca\/fr\/wp-json\/wp\/v2\/pages\/3626\/revisions"}],"predecessor-version":[{"id":4651,"href":"https:\/\/crrf-fcrr.ca\/fr\/wp-json\/wp\/v2\/pages\/3626\/revisions\/4651"}],"wp:attachment":[{"href":"https:\/\/crrf-fcrr.ca\/fr\/wp-json\/wp\/v2\/media?parent=3626"}],"curies":[{"name":"wp","href":"https:\/\/api.w.org\/{rel}","templated":true}]}}

Institut sur le leadership en matière de diversité et d’équité

<div class="wp-block-columns pattern-two-column is-layout-flex wp-container-core-columns-is-layout-9d6595d7 wp-block-columns-is-layout-flex">
<div class="wp-block-column pattern-two-column__title is-layout-flow wp-block-column-is-layout-flow">
<h2 class="wp-block-heading">Offrir un soutien aux conseils scolaires afin de développer leur capacité en matière d&rsquo;équité dans tous les domaines</h2>
</div>



<div class="wp-block-column pattern-two-column__content is-layout-flow wp-block-column-is-layout-flow">
<p>L&rsquo;Institut sur le leadership en matière de diversité et d&rsquo;équité (ILDÉ) est un programme de formation fortement interactif et expérientiel, s&rsquo;appuyant sur un enseignement conçu pour les adultes et étayé par les récentes découvertes dans les domaines des neurosciences, de la socio-psychologie et des préjugés. L&rsquo;approche de ce programme allie les stratégies de lutte contre le racisme à l&rsquo;intelligence émotionnelle et à la résolution de conflit, et vise l&rsquo;équilibre entre l&rsquo;intellect et les émotions, entre les facteurs internes et les forces externes.</p>



<p>Les formations de l&rsquo;ILDE, élaborées et dispensées en partenariat avec la firme&nbsp;<a href="http://animaleadership.com/about/our-partners/" target="_blank" rel="noreferrer noopener">Anima Leadership</a>, offrent aux participants une approche globale unique qui intègre la conscience de soi et l&rsquo;attention consciente aux efforts menés pour combattre la discrimination. Par son caractère participatif, le cours permet aux apprenants d&rsquo;étudier les questions d&rsquo;équité en profondeur et leur offre des outils pour favoriser des conversations de nature délicate sur la question épineuse de la race, de la culture et de la différence.</p>



<p>Au cours des séances de formation de l&rsquo;ILDE, une part égale est accordée à la compréhension du racisme systémique, aux réactions émotives, aux relations sociales, aux divers processus en jeu et aux niveaux de conflit qui accompagnent l&rsquo;apprentissage transformationnel. La formation est conçue pour aider les dirigeants du système éducatif de l&rsquo;Ontario à développer leur capacité en matière d&rsquo;équité dans tous les domaines, et leur offrir un milieu sécuritaire où discuter des questions d&rsquo;équité, de race et de droits de la personne. Elle les aidera à composer avec les différences, la diversité, les relations de pouvoir et les conflits.</p>
</div>
</div>

<p>Offrir un soutien aux conseils scolaires afin de développer leur capacité en matière d&rsquo;équité dans tous les domaines L&rsquo;Institut sur le leadership en matière de diversité et d&rsquo;équité (ILDÉ) est un programme de formation fortement interactif et expérientiel, s&rsquo;appuyant sur un enseignement conçu pour les adultes et étayé par les récentes découvertes dans les domaines [&hellip;]</p>
