{"id":7987,"date":"2023-11-14T17:26:28","date_gmt":"2023-11-14T22:26:28","guid":{"rendered":"https:\/\/crrf-fcrr.ca\/?page_id=7987"},"modified":"2025-02-21T11:09:55","modified_gmt":"2025-02-21T16:09:55","slug":"balado-the-healthcare-divide","status":"publish","type":"page","link":"https:\/\/crrf-fcrr.ca\/fr\/balado-the-healthcare-divide\/","title":{"rendered":"Balado : \u00abThe Healthcare Divide\u00bb"},"content":{"rendered":"\n<div class=\"wp-block-columns pattern-page-title is-layout-flex wp-container-core-columns-is-layout-9d6595d7 wp-block-columns-is-layout-flex\">\n<div class=\"wp-block-column pattern-page-title__title is-layout-flow wp-block-column-is-layout-flow\"><h1 class=\"wp-block-post-title\">Balado : \u00abThe Healthcare Divide\u00bb<\/h1>\n\n\n<div style=\"height:25px\" aria-hidden=\"true\" class=\"wp-block-spacer\"><\/div>\n\n\n\n<p>Les soins de sant\u00e9 universels sont cens\u00e9s donner \u00e0 tous un acc\u00e8s, un traitement et des soins \u00e9quitables. Mais le font-ils vraiment? <em>The Healthcare Divide<\/em> est un nouveau balado qui expose des v\u00e9rit\u00e9s inconfortables, des r\u00e9alit\u00e9s troublantes et des efforts novateurs pour vaincre le racisme dans le syst\u00e8me de sant\u00e9 du Canada.<\/p>\n\n\n\n<div class=\"wp-block-buttons is-layout-flex wp-block-buttons-is-layout-flex\">\n<div class=\"wp-block-button\"><a class=\"wp-block-button__link wp-element-button\" href=\"http:\/\/pod.link\/1715546912\" target=\"_blank\" rel=\"noreferrer noopener\">\u00c9couter (en anglais)<\/a><\/div>\n<\/div>\n<\/div>\n\n\n\n<div class=\"wp-block-column is-vertically-aligned-top pattern-page-title__intro is-layout-flow wp-block-column-is-layout-flow\">\n<figure class=\"wp-block-image alignwide size-large\"><img loading=\"lazy\" decoding=\"async\" width=\"1024\" height=\"576\" src=\"https:\/\/crrf-fcrr.ca\/wp-content\/uploads\/2023\/11\/CRRF_healthdivide_widescreen2560\u00d71441_french-1024x576.jpg\" alt=\"\" class=\"wp-image-8022\" srcset=\"https:\/\/crrf-fcrr.ca\/wp-content\/uploads\/2023\/11\/CRRF_healthdivide_widescreen2560\u00d71441_french-1024x576.jpg 1024w, https:\/\/crrf-fcrr.ca\/wp-content\/uploads\/2023\/11\/CRRF_healthdivide_widescreen2560\u00d71441_french-640x360.jpg 640w, https:\/\/crrf-fcrr.ca\/wp-content\/uploads\/2023\/11\/CRRF_healthdivide_widescreen2560\u00d71441_french-768x432.jpg 768w, https:\/\/crrf-fcrr.ca\/wp-content\/uploads\/2023\/11\/CRRF_healthdivide_widescreen2560\u00d71441_french-1536x865.jpg 1536w, https:\/\/crrf-fcrr.ca\/wp-content\/uploads\/2023\/11\/CRRF_healthdivide_widescreen2560\u00d71441_french-2048x1153.jpg 2048w, https:\/\/crrf-fcrr.ca\/wp-content\/uploads\/2023\/11\/CRRF_healthdivide_widescreen2560\u00d71441_french-650x366.jpg 650w, https:\/\/crrf-fcrr.ca\/wp-content\/uploads\/2023\/11\/CRRF_healthdivide_widescreen2560\u00d71441_french-821x462.jpg 821w\" sizes=\"auto, (max-width: 1024px) 100vw, 1024px\" \/><\/figure>\n<\/div>\n<\/div>\n\n\n\n<div class=\"wp-block-columns is-layout-flex wp-container-core-columns-is-layout-9d6595d7 wp-block-columns-is-layout-flex\">\n<div class=\"wp-block-column is-layout-flow wp-block-column-is-layout-flow\">\n<p>Bienvenue \u00e0 <em>The Healthcare Divide.<\/em>&nbsp;<\/p>\n\n\n\n<p>Dans notre nouveau balado, les patients, les travailleurs de la sant\u00e9 et les experts m\u00e9dicaux s\u2019expriment sur tout, depuis les exp\u00e9riences de pr\u00e9judice jusqu\u2019aux mouvements de soins de base, en passant par les changements politiques et les explorations de l\u2019intelligence artificielle pour combler le foss\u00e9 avec des histoires vraies, des informations bas\u00e9es sur des donn\u00e9es et des entretiens d\u2019experts qui exposer les fissures du syst\u00e8me.<\/p>\n\n\n\n<p>Le balado est enregistr\u00e9 en anglais, mais vous pouvez consulter les transcriptions traduites de chaque \u00e9pisode au fur et \u00e0 mesure qu&rsquo;elles sortiront.<\/p>\n\n\n\n<iframe loading=\"lazy\" height=\"200px\" width=\"100%\" frameborder=\"no\" scrolling=\"no\" seamless src=\"https:\/\/player.simplecast.com\/b2bce48b-dfa1-4137-81ff-9dccbadf2a88?dark=false\"><\/iframe>\n\n\n\n<div style=\"height:25px\" aria-hidden=\"true\" class=\"wp-block-spacer\"><\/div>\n\n\n\n<div class=\"wp-block-columns is-layout-flex wp-container-core-columns-is-layout-9d6595d7 wp-block-columns-is-layout-flex\">\n<div class=\"wp-block-column is-layout-flow wp-block-column-is-layout-flow\">\n<p>C&rsquo;est comme mythbusters, mais pour les soins de sant\u00e9. <em>The Healthcare Divide<\/em> jette un regard sans complaisance sur les laiss\u00e9s-pour-compte de la qu\u00eate \u00ab universelle \u00bb de bien-\u00eatre au Canada, et sur les efforts d\u00e9ploy\u00e9s pour construire un avenir plus sain et plus juste pour tous.<\/p>\n\n\n\n<p>Nomm\u00e9 meilleur innovateur des soins de sant\u00e9 par Maclean&rsquo;s en 2023, le Dr Alika Lafontaine est au c\u0153ur des changements du syst\u00e8me de sant\u00e9 depuis pr\u00e8s de deux d\u00e9cennies. Il est le premier m\u00e9decin autochtone et le plus jeune m\u00e9decin \u00e0 diriger l\u2019Association m\u00e9dicale canadienne (AMC) en 156 ans d\u2019histoire, et le premier m\u00e9decin autochtone \u00e0 figurer sur la liste des 50 m\u00e9decins les plus puissants du Medical Post.<\/p>\n\n\n\n<p><em>The Healthcare Divide<\/em> vous est pr\u00e9sent\u00e9 par la Fondation canadienne des relations raciales avec le soutien de Pfizer Canada et produit par Antica Productions et Makwa Creative.<\/p>\n\n\n\n<p>La musique du balado provient de Handsome Tiger.<\/p>\n<\/div>\n\n\n\n<div class=\"wp-block-column is-layout-flow wp-block-column-is-layout-flow\">\n<div class=\"wp-block-pb-accordion-item c-accordion__item js-accordion-item no-js\" data-initially-open=\"false\" data-click-to-close=\"true\" data-auto-close=\"true\" data-scroll=\"false\" data-scroll-offset=\"0\"><h2 id=\"at-79870\" class=\"c-accordion__title js-accordion-controller\" role=\"button\">1er \u00e9pisode &#8211; Deadly Assumptions<\/h2><div id=\"ac-79870\" class=\"c-accordion__content\">\n<p>Un regard sur les corrections raciales et le racisme anti-Noir dans la pratique m\u00e9dicale canadienne.<\/p>\n\n\n\n<p><a href=\"https:\/\/crrf-fcrr.ca\/fr\/the-healthcare-divide-1er-episode\/\">En savoir plus sur l&rsquo;\u00e9pisode et ses invit\u00e9s.<\/a><\/p>\n<\/div><\/div>\n\n\n\n<div class=\"wp-block-pb-accordion-item c-accordion__item js-accordion-item no-js\" data-initially-open=\"false\" data-click-to-close=\"true\" data-auto-close=\"true\" data-scroll=\"false\" data-scroll-offset=\"0\"><h2 id=\"at-79871\" class=\"c-accordion__title js-accordion-controller\" role=\"button\">2e \u00e9pisode &#8211; The Digital Therapist<\/h2><div id=\"ac-79871\" class=\"c-accordion__content\">\n<p>Exploration des avantages et des inconv\u00e9nients de l&rsquo;utilisation de l&rsquo;intelligence artificielle pour am\u00e9liorer l&rsquo;acc\u00e8s aux soins de sant\u00e9 mentale.<\/p>\n\n\n\n<p><a href=\"https:\/\/crrf-fcrr.ca\/fr\/the-healthcare-divide-2e-episode\/\">En savoir plus sur l&rsquo;\u00e9pisode et ses invit\u00e9s.<\/a><\/p>\n<\/div><\/div>\n\n\n\n<div class=\"wp-block-pb-accordion-item c-accordion__item js-accordion-item no-js\" data-initially-open=\"false\" data-click-to-close=\"true\" data-auto-close=\"true\" data-scroll=\"false\" data-scroll-offset=\"0\"><h2 id=\"at-79872\" class=\"c-accordion__title js-accordion-controller\" role=\"button\">3e \u00e9pisode &#8211; The Inuit Battle Against TB<\/h2><div id=\"ac-79872\" class=\"c-accordion__content\">\n<p>Discussion sur les effets historiques et continus de la tuberculose sur les Inuits.<\/p>\n\n\n\n<p><a href=\"https:\/\/crrf-fcrr.ca\/fr\/the-healthcare-divide-3e-episode\/\">En savoir plus sur l&rsquo;\u00e9pisode et ses invit\u00e9s.<\/a><\/p>\n<\/div><\/div>\n\n\n\n<div class=\"wp-block-pb-accordion-item c-accordion__item js-accordion-item no-js\" data-initially-open=\"false\" data-click-to-close=\"true\" data-auto-close=\"true\" data-scroll=\"false\" data-scroll-offset=\"0\"><h2 id=\"at-79873\" class=\"c-accordion__title js-accordion-controller\" role=\"button\">4e \u00e9pisode &#8211; Uninsured: How Universal is Canada\u2019s Healthcare System?<\/h2><div id=\"ac-79873\" class=\"c-accordion__content\">\n<p>Examen des d\u00e9fis uniques auxquels sont confront\u00e9s les migrants sans assurance dans le syst\u00e8me de sant\u00e9 canadien.<\/p>\n\n\n\n<p><a href=\"https:\/\/crrf-fcrr.ca\/fr\/the-healthcare-divide-4e-episode\/\">En savoir plus sur l&rsquo;\u00e9pisode et ses invit\u00e9s.<\/a><\/p>\n<\/div><\/div>\n\n\n\n<div class=\"wp-block-pb-accordion-item c-accordion__item js-accordion-item no-js\" data-initially-open=\"false\" data-click-to-close=\"true\" data-auto-close=\"true\" data-scroll=\"false\" data-scroll-offset=\"0\"><h2 id=\"at-79874\" class=\"c-accordion__title js-accordion-controller\" role=\"button\">5e \u00e9pisode &#8211; <strong><strong>Front and Centre: Filipino Healthcare Workers and COVID<\/strong><\/strong><\/h2><div id=\"ac-79874\" class=\"c-accordion__content\">\n<p>Mise en \u00e9vidence des effets exacerb\u00e9s du COVID sur les travailleurs philippins du secteur de la sant\u00e9, qui ont d\u00fb faire face \u00e0 des conditions telles que des salaires bas et un statut de migrant pr\u00e9caire.<\/p>\n\n\n\n<p><a href=\"https:\/\/crrf-fcrr.ca\/fr\/the-healthcare-divide-5e-episode\/\">En savoir plus sur l&rsquo;\u00e9pisode et ses invit\u00e9s.<\/a><\/p>\n<\/div><\/div>\n\n\n\n<div class=\"wp-block-pb-accordion-item c-accordion__item js-accordion-item no-js\" data-initially-open=\"false\" data-click-to-close=\"true\" data-auto-close=\"true\" data-scroll=\"false\" data-scroll-offset=\"0\"><h2 id=\"at-79875\" class=\"c-accordion__title js-accordion-controller\" role=\"button\">6e \u00e9pisode &#8211; Two Worlds of Medicine <\/h2><div id=\"ac-79875\" class=\"c-accordion__content\">\n<p>Analyse de la mani\u00e8re d&rsquo;int\u00e9grer les pratiques\/philosophies m\u00e9dicales autochtones dans le syst\u00e8me de sant\u00e9 actuel.<\/p>\n\n\n\n<p><a href=\"https:\/\/crrf-fcrr.ca\/fr\/the-healthcare-divide-6e-episode\/\">En savoir plus sur l&rsquo;\u00e9pisode et ses invit\u00e9s.<\/a><\/p>\n<\/div><\/div>\n<\/div>\n<\/div>\n\n\n\n<p><\/p>\n<\/div>\n<\/div>\n","protected":false},"excerpt":{"rendered":"<p>Les soins de sant\u00e9 universels sont cens\u00e9s donner \u00e0 tous un acc\u00e8s, un traitement et des soins \u00e9quitables. Mais le font-ils vraiment? The Healthcare Divide est un nouveau balado qui expose des v\u00e9rit\u00e9s inconfortables, des r\u00e9alit\u00e9s troublantes et des efforts novateurs pour vaincre le racisme dans le syst\u00e8me de sant\u00e9 du Canada. Bienvenue \u00e0 The [&hellip;]<\/p>\n","protected":false},"author":5,"featured_media":0,"parent":0,"menu_order":0,"comment_status":"closed","ping_status":"closed","template":"","meta":{"_acf_changed":false,"footnotes":""},"class_list":["post-7987","page","type-page","status-publish","hentry"],"acf":[],"_links":{"self":[{"href":"https:\/\/crrf-fcrr.ca\/fr\/wp-json\/wp\/v2\/pages\/7987","targetHints":{"allow":["GET"]}}],"collection":[{"href":"https:\/\/crrf-fcrr.ca\/fr\/wp-json\/wp\/v2\/pages"}],"about":[{"href":"https:\/\/crrf-fcrr.ca\/fr\/wp-json\/wp\/v2\/types\/page"}],"author":[{"embeddable":true,"href":"https:\/\/crrf-fcrr.ca\/fr\/wp-json\/wp\/v2\/users\/5"}],"replies":[{"embeddable":true,"href":"https:\/\/crrf-fcrr.ca\/fr\/wp-json\/wp\/v2\/comments?post=7987"}],"version-history":[{"count":5,"href":"https:\/\/crrf-fcrr.ca\/fr\/wp-json\/wp\/v2\/pages\/7987\/revisions"}],"predecessor-version":[{"id":11919,"href":"https:\/\/crrf-fcrr.ca\/fr\/wp-json\/wp\/v2\/pages\/7987\/revisions\/11919"}],"wp:attachment":[{"href":"https:\/\/crrf-fcrr.ca\/fr\/wp-json\/wp\/v2\/media?parent=7987"}],"curies":[{"name":"wp","href":"https:\/\/api.w.org\/{rel}","templated":true}]}}

<div class="wp-block-columns pattern-page-title is-layout-flex wp-container-core-columns-is-layout-9d6595d7 wp-block-columns-is-layout-flex">
<div class="wp-block-column pattern-page-title__title is-layout-flow wp-block-column-is-layout-flow"><h1 class="wp-block-post-title">Balado : «The Healthcare Divide»</h1>


<div style="height:25px" aria-hidden="true" class="wp-block-spacer"></div>



<p>Les soins de santé universels sont censés donner à tous un accès, un traitement et des soins équitables. Mais le font-ils vraiment? <em>The Healthcare Divide</em> est un nouveau balado qui expose des vérités inconfortables, des réalités troublantes et des efforts novateurs pour vaincre le racisme dans le système de santé du Canada.</p>



<div class="wp-block-buttons is-layout-flex wp-block-buttons-is-layout-flex">
<div class="wp-block-button"><a class="wp-block-button__link wp-element-button" href="http://pod.link/1715546912" target="_blank" rel="noreferrer noopener">Écouter (en anglais)</a></div>
</div>
</div>



<div class="wp-block-column is-vertically-aligned-top pattern-page-title__intro is-layout-flow wp-block-column-is-layout-flow">
<figure class="wp-block-image alignwide size-large"><img loading="lazy" decoding="async" width="1024" height="576" src="https://crrf-fcrr.ca/wp-content/uploads/2023/11/CRRF_healthdivide_widescreen2560×1441_french-1024x576.jpg" alt="" class="wp-image-8022" srcset="https://crrf-fcrr.ca/wp-content/uploads/2023/11/CRRF_healthdivide_widescreen2560×1441_french-1024x576.jpg 1024w, https://crrf-fcrr.ca/wp-content/uploads/2023/11/CRRF_healthdivide_widescreen2560×1441_french-640x360.jpg 640w, https://crrf-fcrr.ca/wp-content/uploads/2023/11/CRRF_healthdivide_widescreen2560×1441_french-768x432.jpg 768w, https://crrf-fcrr.ca/wp-content/uploads/2023/11/CRRF_healthdivide_widescreen2560×1441_french-1536x865.jpg 1536w, https://crrf-fcrr.ca/wp-content/uploads/2023/11/CRRF_healthdivide_widescreen2560×1441_french-2048x1153.jpg 2048w, https://crrf-fcrr.ca/wp-content/uploads/2023/11/CRRF_healthdivide_widescreen2560×1441_french-650x366.jpg 650w, https://crrf-fcrr.ca/wp-content/uploads/2023/11/CRRF_healthdivide_widescreen2560×1441_french-821x462.jpg 821w" sizes="auto, (max-width: 1024px) 100vw, 1024px" /></figure>
</div>
</div>



<div class="wp-block-columns is-layout-flex wp-container-core-columns-is-layout-9d6595d7 wp-block-columns-is-layout-flex">
<div class="wp-block-column is-layout-flow wp-block-column-is-layout-flow">
<p>Bienvenue à <em>The Healthcare Divide.</em>&nbsp;</p>



<p>Dans notre nouveau balado, les patients, les travailleurs de la santé et les experts médicaux s’expriment sur tout, depuis les expériences de préjudice jusqu’aux mouvements de soins de base, en passant par les changements politiques et les explorations de l’intelligence artificielle pour combler le fossé avec des histoires vraies, des informations basées sur des données et des entretiens d’experts qui exposer les fissures du système.</p>



<p>Le balado est enregistré en anglais, mais vous pouvez consulter les transcriptions traduites de chaque épisode au fur et à mesure qu&rsquo;elles sortiront.</p>



<iframe loading="lazy" height="200px" width="100%" frameborder="no" scrolling="no" seamless src="https://player.simplecast.com/b2bce48b-dfa1-4137-81ff-9dccbadf2a88?dark=false"></iframe>



<div style="height:25px" aria-hidden="true" class="wp-block-spacer"></div>



<div class="wp-block-columns is-layout-flex wp-container-core-columns-is-layout-9d6595d7 wp-block-columns-is-layout-flex">
<div class="wp-block-column is-layout-flow wp-block-column-is-layout-flow">
<p>C&rsquo;est comme mythbusters, mais pour les soins de santé. <em>The Healthcare Divide</em> jette un regard sans complaisance sur les laissés-pour-compte de la quête « universelle » de bien-être au Canada, et sur les efforts déployés pour construire un avenir plus sain et plus juste pour tous.</p>



<p>Nommé meilleur innovateur des soins de santé par Maclean&rsquo;s en 2023, le Dr Alika Lafontaine est au cœur des changements du système de santé depuis près de deux décennies. Il est le premier médecin autochtone et le plus jeune médecin à diriger l’Association médicale canadienne (AMC) en 156 ans d’histoire, et le premier médecin autochtone à figurer sur la liste des 50 médecins les plus puissants du Medical Post.</p>



<p><em>The Healthcare Divide</em> vous est présenté par la Fondation canadienne des relations raciales avec le soutien de Pfizer Canada et produit par Antica Productions et Makwa Creative.</p>



<p>La musique du balado provient de Handsome Tiger.</p>
</div>



<div class="wp-block-column is-layout-flow wp-block-column-is-layout-flow">
<div class="wp-block-pb-accordion-item c-accordion__item js-accordion-item no-js" data-initially-open="false" data-click-to-close="true" data-auto-close="true" data-scroll="false" data-scroll-offset="0"><h2 id="at-79870" class="c-accordion__title js-accordion-controller" role="button">1er épisode &#8211; Deadly Assumptions</h2><div id="ac-79870" class="c-accordion__content">
<p>Un regard sur les corrections raciales et le racisme anti-Noir dans la pratique médicale canadienne.</p>



<p><a href="https://crrf-fcrr.ca/fr/the-healthcare-divide-1er-episode/">En savoir plus sur l&rsquo;épisode et ses invités.</a></p>
</div></div>



<div class="wp-block-pb-accordion-item c-accordion__item js-accordion-item no-js" data-initially-open="false" data-click-to-close="true" data-auto-close="true" data-scroll="false" data-scroll-offset="0"><h2 id="at-79871" class="c-accordion__title js-accordion-controller" role="button">2e épisode &#8211; The Digital Therapist</h2><div id="ac-79871" class="c-accordion__content">
<p>Exploration des avantages et des inconvénients de l&rsquo;utilisation de l&rsquo;intelligence artificielle pour améliorer l&rsquo;accès aux soins de santé mentale.</p>



<p><a href="https://crrf-fcrr.ca/fr/the-healthcare-divide-2e-episode/">En savoir plus sur l&rsquo;épisode et ses invités.</a></p>
</div></div>



<div class="wp-block-pb-accordion-item c-accordion__item js-accordion-item no-js" data-initially-open="false" data-click-to-close="true" data-auto-close="true" data-scroll="false" data-scroll-offset="0"><h2 id="at-79872" class="c-accordion__title js-accordion-controller" role="button">3e épisode &#8211; The Inuit Battle Against TB</h2><div id="ac-79872" class="c-accordion__content">
<p>Discussion sur les effets historiques et continus de la tuberculose sur les Inuits.</p>



<p><a href="https://crrf-fcrr.ca/fr/the-healthcare-divide-3e-episode/">En savoir plus sur l&rsquo;épisode et ses invités.</a></p>
</div></div>



<div class="wp-block-pb-accordion-item c-accordion__item js-accordion-item no-js" data-initially-open="false" data-click-to-close="true" data-auto-close="true" data-scroll="false" data-scroll-offset="0"><h2 id="at-79873" class="c-accordion__title js-accordion-controller" role="button">4e épisode &#8211; Uninsured: How Universal is Canada’s Healthcare System?</h2><div id="ac-79873" class="c-accordion__content">
<p>Examen des défis uniques auxquels sont confrontés les migrants sans assurance dans le système de santé canadien.</p>



<p><a href="https://crrf-fcrr.ca/fr/the-healthcare-divide-4e-episode/">En savoir plus sur l&rsquo;épisode et ses invités.</a></p>
</div></div>



<div class="wp-block-pb-accordion-item c-accordion__item js-accordion-item no-js" data-initially-open="false" data-click-to-close="true" data-auto-close="true" data-scroll="false" data-scroll-offset="0"><h2 id="at-79874" class="c-accordion__title js-accordion-controller" role="button">5e épisode &#8211; <strong><strong>Front and Centre: Filipino Healthcare Workers and COVID</strong></strong></h2><div id="ac-79874" class="c-accordion__content">
<p>Mise en évidence des effets exacerbés du COVID sur les travailleurs philippins du secteur de la santé, qui ont dû faire face à des conditions telles que des salaires bas et un statut de migrant précaire.</p>



<p><a href="https://crrf-fcrr.ca/fr/the-healthcare-divide-5e-episode/">En savoir plus sur l&rsquo;épisode et ses invités.</a></p>
</div></div>



<div class="wp-block-pb-accordion-item c-accordion__item js-accordion-item no-js" data-initially-open="false" data-click-to-close="true" data-auto-close="true" data-scroll="false" data-scroll-offset="0"><h2 id="at-79875" class="c-accordion__title js-accordion-controller" role="button">6e épisode &#8211; Two Worlds of Medicine </h2><div id="ac-79875" class="c-accordion__content">
<p>Analyse de la manière d&rsquo;intégrer les pratiques/philosophies médicales autochtones dans le système de santé actuel.</p>



<p><a href="https://crrf-fcrr.ca/fr/the-healthcare-divide-6e-episode/">En savoir plus sur l&rsquo;épisode et ses invités.</a></p>
</div></div>
</div>
</div>



<p></p>
</div>
</div>

<p>Les soins de santé universels sont censés donner à tous un accès, un traitement et des soins équitables. Mais le font-ils vraiment? The Healthcare Divide est un nouveau balado qui expose des vérités inconfortables, des réalités troublantes et des efforts novateurs pour vaincre le racisme dans le système de santé du Canada. Bienvenue à The [&hellip;]</p>
