{"id":88,"date":"2023-03-15T15:23:44","date_gmt":"2023-03-15T19:23:44","guid":{"rendered":"https:\/\/crrf.7.plankdesign.com\/?page_id=88"},"modified":"2023-09-01T11:45:21","modified_gmt":"2023-09-01T15:45:21","slug":"materiel-pedagogique","status":"publish","type":"page","link":"https:\/\/crrf-fcrr.ca\/fr\/materiel-pedagogique\/","title":{"rendered":"Mat\u00e9riel p\u00e9dagogique"},"content":{"rendered":"\n<div class=\"wp-block-columns pattern-page-title is-layout-flex wp-container-core-columns-is-layout-9d6595d7 wp-block-columns-is-layout-flex\">\n<div class=\"wp-block-column pattern-page-title__title is-layout-flow wp-block-column-is-layout-flow\"><h1 class=\"wp-block-post-title\">Mat\u00e9riel p\u00e9dagogique<\/h1><\/div>\n\n\n\n<div class=\"wp-block-column pattern-page-title__intro is-layout-flow wp-block-column-is-layout-flow\">\n<p>La Fondation canadienne des relations raciales s&rsquo;engage \u00e0 fournir un soutien pour l&rsquo;\u00e9ducation transformatrice et des initiatives de formation dans la poursuite de l&rsquo;\u00e9limination de toutes les formes de discrimination raciale au Canada.<br><br>L&rsquo;\u00e9ducation et les initiatives de formation mettent l\u2019accent sur le renforcement&nbsp;des&nbsp;capacit\u00e9s&nbsp;des&nbsp;organisations&nbsp;afin qu\u2019elles puissent cr\u00e9er des environnements justes, \u00e9quitables et inclusifs. Le travail de la Fondation a franchi divers segments de la soci\u00e9t\u00e9 canadienne et a inspir\u00e9 les apprenants \u00e0 valoriser la diversit\u00e9, \u00e0 communiquer au-del\u00e0 des diff\u00e9rences et \u00e0 transformer l\u2019injustice afin que tous les membres puissent r\u00e9ussir et atteindre leur plein potentiel.&nbsp;<\/p>\n<\/div>\n<\/div>\n\n\n\n\n<section aria-label=\"\" id=\"related-content-block_dc63228e9fc3efa42305917ef94eb5c1\"\n\tclass=\"related-content\">\n\t\t<ul class=\"related-content__grid\">\n\t\t\t\t<li class=\"card-related\">\n\t\t\t<div class=\"card-related__image\">\n\t\t\t\t<div class=\"aspect-ratio-box\">\n\t\t\t\t\t\t\t\t\t\t\t<img loading=\"lazy\" decoding=\"async\" width=\"539\" height=\"360\" src=\"https:\/\/crrf-fcrr.ca\/wp-content\/uploads\/2023\/08\/tim-gouw-KigTvXqetXA-unsplash-539x360.jpg\" class=\"attachment-medium size-medium wp-post-image\" alt=\"Pencils and post its in a box. Crayons et stylos dans une boite.\" srcset=\"https:\/\/crrf-fcrr.ca\/wp-content\/uploads\/2023\/08\/tim-gouw-KigTvXqetXA-unsplash-539x360.jpg 539w, https:\/\/crrf-fcrr.ca\/wp-content\/uploads\/2023\/08\/tim-gouw-KigTvXqetXA-unsplash-1024x685.jpg 1024w, https:\/\/crrf-fcrr.ca\/wp-content\/uploads\/2023\/08\/tim-gouw-KigTvXqetXA-unsplash-768x513.jpg 768w, https:\/\/crrf-fcrr.ca\/wp-content\/uploads\/2023\/08\/tim-gouw-KigTvXqetXA-unsplash-1536x1027.jpg 1536w, https:\/\/crrf-fcrr.ca\/wp-content\/uploads\/2023\/08\/tim-gouw-KigTvXqetXA-unsplash-650x434.jpg 650w, https:\/\/crrf-fcrr.ca\/wp-content\/uploads\/2023\/08\/tim-gouw-KigTvXqetXA-unsplash-821x548.jpg 821w, https:\/\/crrf-fcrr.ca\/wp-content\/uploads\/2023\/08\/tim-gouw-KigTvXqetXA-unsplash.jpg 2048w\" sizes=\"auto, (max-width: 539px) 100vw, 539px\" \/>\t\t\t\t\t\t\t\t\t<\/div>\n\t\t\t\t<img loading=\"lazy\" decoding=\"async\" src=\"https:\/\/crrf-fcrr.ca\/wp-content\/themes\/crrf\/dist\/images\/svg\/graphics\/double-corner-red.svg\"\n\t\t\t\t\tclass=\"graphic-corner\" alt=\"\" height=\"115\" width=\"115\" \/>\n\t\t\t<\/div>\n\t\t\t<div class=\"card-related__content\">\n\t\t\t\t<h4><a href=\"https:\/\/crrf-fcrr.ca\/fr\/guides-contre-racisme\/\">\n\t\t\t\t\t\tGuides pratiques contre le racisme\t\t\t\t\t<\/a>\n\t\t\t\t<\/h4>\n\t\t\t\t<p>Guides pratiques contre le racisme Le CRRF pr\u00e9sente une s\u00e9rie de guides pratiques pour vous aider \u00e0 en savoir plus sur le racisme et \u00e0 contribuer \u00e0 la lutte contre celui-ci.<\/p>\n\t\t\t\t<span class=\"link--learn-more\">Voir plus<\/span>\n\t\t\t<\/div>\n\t\t<\/li>\n\t\t\t\t<li class=\"card-related\">\n\t\t\t<div class=\"card-related__image\">\n\t\t\t\t<div class=\"aspect-ratio-box\">\n\t\t\t\t\t\t\t\t\t\t\t<img loading=\"lazy\" decoding=\"async\" width=\"480\" height=\"360\" src=\"https:\/\/crrf-fcrr.ca\/wp-content\/uploads\/2023\/08\/romina-bm-GCoGY0_IBts-unsplash-480x360.jpg\" class=\"attachment-medium size-medium wp-post-image\" alt=\"Piles of books. Un tas de livres.\" srcset=\"https:\/\/crrf-fcrr.ca\/wp-content\/uploads\/2023\/08\/romina-bm-GCoGY0_IBts-unsplash-480x360.jpg 480w, https:\/\/crrf-fcrr.ca\/wp-content\/uploads\/2023\/08\/romina-bm-GCoGY0_IBts-unsplash-1024x768.jpg 1024w, https:\/\/crrf-fcrr.ca\/wp-content\/uploads\/2023\/08\/romina-bm-GCoGY0_IBts-unsplash-768x576.jpg 768w, https:\/\/crrf-fcrr.ca\/wp-content\/uploads\/2023\/08\/romina-bm-GCoGY0_IBts-unsplash-1536x1152.jpg 1536w, https:\/\/crrf-fcrr.ca\/wp-content\/uploads\/2023\/08\/romina-bm-GCoGY0_IBts-unsplash-2048x1536.jpg 2048w, https:\/\/crrf-fcrr.ca\/wp-content\/uploads\/2023\/08\/romina-bm-GCoGY0_IBts-unsplash-650x488.jpg 650w, https:\/\/crrf-fcrr.ca\/wp-content\/uploads\/2023\/08\/romina-bm-GCoGY0_IBts-unsplash-731x548.jpg 731w\" sizes=\"auto, (max-width: 480px) 100vw, 480px\" \/>\t\t\t\t\t\t\t\t\t<\/div>\n\t\t\t\t<img loading=\"lazy\" decoding=\"async\" src=\"https:\/\/crrf-fcrr.ca\/wp-content\/themes\/crrf\/dist\/images\/svg\/graphics\/double-corner-red.svg\"\n\t\t\t\t\tclass=\"graphic-corner\" alt=\"\" height=\"115\" width=\"115\" \/>\n\t\t\t<\/div>\n\t\t\t<div class=\"card-related__content\">\n\t\t\t\t<h4><a href=\"https:\/\/crrf-fcrr.ca\/fr\/guides-publications\/\">\n\t\t\t\t\t\tGuides, publications et vid\u00e9os\t\t\t\t\t<\/a>\n\t\t\t\t<\/h4>\n\t\t\t\t<p>D\u00e9couvrez nos diff\u00e9rents guides, publications et vid\u00e9os sur la lutte contre le racisme et la justice sociale.<\/p>\n\t\t\t\t<span class=\"link--learn-more\">Voir plus<\/span>\n\t\t\t<\/div>\n\t\t<\/li>\n\t\t\t\t<li class=\"card-related\">\n\t\t\t<div class=\"card-related__image\">\n\t\t\t\t<div class=\"aspect-ratio-box\">\n\t\t\t\t\t\t\t\t\t\t\t<img loading=\"lazy\" decoding=\"async\" width=\"539\" height=\"360\" src=\"https:\/\/crrf-fcrr.ca\/wp-content\/uploads\/2023\/08\/Jacqueline-539x360.jpg\" class=\"attachment-medium size-medium wp-post-image\" alt=\"\" srcset=\"https:\/\/crrf-fcrr.ca\/wp-content\/uploads\/2023\/08\/Jacqueline-539x360.jpg 539w, https:\/\/crrf-fcrr.ca\/wp-content\/uploads\/2023\/08\/Jacqueline.jpg 563w\" sizes=\"auto, (max-width: 539px) 100vw, 539px\" \/>\t\t\t\t\t\t\t\t\t<\/div>\n\t\t\t\t<img loading=\"lazy\" decoding=\"async\" src=\"https:\/\/crrf-fcrr.ca\/wp-content\/themes\/crrf\/dist\/images\/svg\/graphics\/double-corner-red.svg\"\n\t\t\t\t\tclass=\"graphic-corner\" alt=\"\" height=\"115\" width=\"115\" \/>\n\t\t\t<\/div>\n\t\t\t<div class=\"card-related__content\">\n\t\t\t\t<h4><a href=\"https:\/\/crrf-fcrr.ca\/fr\/?page_id=76\">\n\t\t\t\t\t\tPriv\u00e9&nbsp;: Formations et ateliers\t\t\t\t\t<\/a>\n\t\t\t\t<\/h4>\n\t\t\t\t<p>La CRRF propose divers ateliers et formations tout au long de l&rsquo;ann\u00e9e. Consultez la liste de nos plus r\u00e9centes opportunit\u00e9s d&rsquo;apprentissage ci-dessous.<\/p>\n\t\t\t\t<span class=\"link--learn-more\">Voir plus<\/span>\n\t\t\t<\/div>\n\t\t<\/li>\n\t\t\t<\/ul>\n<\/section>\n","protected":false},"excerpt":{"rendered":"<p>La Fondation canadienne des relations raciales s&rsquo;engage \u00e0 fournir un soutien pour l&rsquo;\u00e9ducation transformatrice et des initiatives de formation dans la poursuite de l&rsquo;\u00e9limination de toutes les formes de discrimination raciale au Canada. L&rsquo;\u00e9ducation et les initiatives de formation mettent l\u2019accent sur le renforcement&nbsp;des&nbsp;capacit\u00e9s&nbsp;des&nbsp;organisations&nbsp;afin qu\u2019elles puissent cr\u00e9er des environnements justes, \u00e9quitables et inclusifs. Le travail [&hellip;]<\/p>\n","protected":false},"author":1,"featured_media":0,"parent":0,"menu_order":0,"comment_status":"closed","ping_status":"closed","template":"","meta":{"_acf_changed":false,"footnotes":""},"class_list":["post-88","page","type-page","status-publish","hentry"],"acf":[],"_links":{"self":[{"href":"https:\/\/crrf-fcrr.ca\/fr\/wp-json\/wp\/v2\/pages\/88","targetHints":{"allow":["GET"]}}],"collection":[{"href":"https:\/\/crrf-fcrr.ca\/fr\/wp-json\/wp\/v2\/pages"}],"about":[{"href":"https:\/\/crrf-fcrr.ca\/fr\/wp-json\/wp\/v2\/types\/page"}],"author":[{"embeddable":true,"href":"https:\/\/crrf-fcrr.ca\/fr\/wp-json\/wp\/v2\/users\/1"}],"replies":[{"embeddable":true,"href":"https:\/\/crrf-fcrr.ca\/fr\/wp-json\/wp\/v2\/comments?post=88"}],"version-history":[{"count":4,"href":"https:\/\/crrf-fcrr.ca\/fr\/wp-json\/wp\/v2\/pages\/88\/revisions"}],"predecessor-version":[{"id":7269,"href":"https:\/\/crrf-fcrr.ca\/fr\/wp-json\/wp\/v2\/pages\/88\/revisions\/7269"}],"wp:attachment":[{"href":"https:\/\/crrf-fcrr.ca\/fr\/wp-json\/wp\/v2\/media?parent=88"}],"curies":[{"name":"wp","href":"https:\/\/api.w.org\/{rel}","templated":true}]}}

Matériel pédagogique

<div class="wp-block-columns pattern-page-title is-layout-flex wp-container-core-columns-is-layout-9d6595d7 wp-block-columns-is-layout-flex">
<div class="wp-block-column pattern-page-title__title is-layout-flow wp-block-column-is-layout-flow"><h1 class="wp-block-post-title">Matériel pédagogique</h1></div>



<div class="wp-block-column pattern-page-title__intro is-layout-flow wp-block-column-is-layout-flow">
<p>La Fondation canadienne des relations raciales s&rsquo;engage à fournir un soutien pour l&rsquo;éducation transformatrice et des initiatives de formation dans la poursuite de l&rsquo;élimination de toutes les formes de discrimination raciale au Canada.<br><br>L&rsquo;éducation et les initiatives de formation mettent l’accent sur le renforcement&nbsp;des&nbsp;capacités&nbsp;des&nbsp;organisations&nbsp;afin qu’elles puissent créer des environnements justes, équitables et inclusifs. Le travail de la Fondation a franchi divers segments de la société canadienne et a inspiré les apprenants à valoriser la diversité, à communiquer au-delà des différences et à transformer l’injustice afin que tous les membres puissent réussir et atteindre leur plein potentiel.&nbsp;</p>
</div>
</div>




<section aria-label="" id="related-content-block_dc63228e9fc3efa42305917ef94eb5c1"
	class="related-content">
		<ul class="related-content__grid">
				<li class="card-related">
			<div class="card-related__image">
				<div class="aspect-ratio-box">
											<img loading="lazy" decoding="async" width="539" height="360" src="https://crrf-fcrr.ca/wp-content/uploads/2023/08/tim-gouw-KigTvXqetXA-unsplash-539x360.jpg" class="attachment-medium size-medium wp-post-image" alt="Pencils and post its in a box. Crayons et stylos dans une boite." srcset="https://crrf-fcrr.ca/wp-content/uploads/2023/08/tim-gouw-KigTvXqetXA-unsplash-539x360.jpg 539w, https://crrf-fcrr.ca/wp-content/uploads/2023/08/tim-gouw-KigTvXqetXA-unsplash-1024x685.jpg 1024w, https://crrf-fcrr.ca/wp-content/uploads/2023/08/tim-gouw-KigTvXqetXA-unsplash-768x513.jpg 768w, https://crrf-fcrr.ca/wp-content/uploads/2023/08/tim-gouw-KigTvXqetXA-unsplash-1536x1027.jpg 1536w, https://crrf-fcrr.ca/wp-content/uploads/2023/08/tim-gouw-KigTvXqetXA-unsplash-650x434.jpg 650w, https://crrf-fcrr.ca/wp-content/uploads/2023/08/tim-gouw-KigTvXqetXA-unsplash-821x548.jpg 821w, https://crrf-fcrr.ca/wp-content/uploads/2023/08/tim-gouw-KigTvXqetXA-unsplash.jpg 2048w" sizes="auto, (max-width: 539px) 100vw, 539px" />									</div>
				<img loading="lazy" decoding="async" src="https://crrf-fcrr.ca/wp-content/themes/crrf/dist/images/svg/graphics/double-corner-red.svg"
					class="graphic-corner" alt="" height="115" width="115" />
			</div>
			<div class="card-related__content">
				<h4><a href="https://crrf-fcrr.ca/fr/guides-contre-racisme/">
						Guides pratiques contre le racisme					</a>
				</h4>
				<p>Guides pratiques contre le racisme Le CRRF présente une série de guides pratiques pour vous aider à en savoir plus sur le racisme et à contribuer à la lutte contre celui-ci.</p>
				<span class="link--learn-more">Voir plus</span>
			</div>
		</li>
				<li class="card-related">
			<div class="card-related__image">
				<div class="aspect-ratio-box">
											<img loading="lazy" decoding="async" width="480" height="360" src="https://crrf-fcrr.ca/wp-content/uploads/2023/08/romina-bm-GCoGY0_IBts-unsplash-480x360.jpg" class="attachment-medium size-medium wp-post-image" alt="Piles of books. Un tas de livres." srcset="https://crrf-fcrr.ca/wp-content/uploads/2023/08/romina-bm-GCoGY0_IBts-unsplash-480x360.jpg 480w, https://crrf-fcrr.ca/wp-content/uploads/2023/08/romina-bm-GCoGY0_IBts-unsplash-1024x768.jpg 1024w, https://crrf-fcrr.ca/wp-content/uploads/2023/08/romina-bm-GCoGY0_IBts-unsplash-768x576.jpg 768w, https://crrf-fcrr.ca/wp-content/uploads/2023/08/romina-bm-GCoGY0_IBts-unsplash-1536x1152.jpg 1536w, https://crrf-fcrr.ca/wp-content/uploads/2023/08/romina-bm-GCoGY0_IBts-unsplash-2048x1536.jpg 2048w, https://crrf-fcrr.ca/wp-content/uploads/2023/08/romina-bm-GCoGY0_IBts-unsplash-650x488.jpg 650w, https://crrf-fcrr.ca/wp-content/uploads/2023/08/romina-bm-GCoGY0_IBts-unsplash-731x548.jpg 731w" sizes="auto, (max-width: 480px) 100vw, 480px" />									</div>
				<img loading="lazy" decoding="async" src="https://crrf-fcrr.ca/wp-content/themes/crrf/dist/images/svg/graphics/double-corner-red.svg"
					class="graphic-corner" alt="" height="115" width="115" />
			</div>
			<div class="card-related__content">
				<h4><a href="https://crrf-fcrr.ca/fr/guides-publications/">
						Guides, publications et vidéos					</a>
				</h4>
				<p>Découvrez nos différents guides, publications et vidéos sur la lutte contre le racisme et la justice sociale.</p>
				<span class="link--learn-more">Voir plus</span>
			</div>
		</li>
				<li class="card-related">
			<div class="card-related__image">
				<div class="aspect-ratio-box">
											<img loading="lazy" decoding="async" width="539" height="360" src="https://crrf-fcrr.ca/wp-content/uploads/2023/08/Jacqueline-539x360.jpg" class="attachment-medium size-medium wp-post-image" alt="" srcset="https://crrf-fcrr.ca/wp-content/uploads/2023/08/Jacqueline-539x360.jpg 539w, https://crrf-fcrr.ca/wp-content/uploads/2023/08/Jacqueline.jpg 563w" sizes="auto, (max-width: 539px) 100vw, 539px" />									</div>
				<img loading="lazy" decoding="async" src="https://crrf-fcrr.ca/wp-content/themes/crrf/dist/images/svg/graphics/double-corner-red.svg"
					class="graphic-corner" alt="" height="115" width="115" />
			</div>
			<div class="card-related__content">
				<h4><a href="https://crrf-fcrr.ca/fr/?page_id=76">
						Privé&nbsp;: Formations et ateliers					</a>
				</h4>
				<p>La CRRF propose divers ateliers et formations tout au long de l&rsquo;année. Consultez la liste de nos plus récentes opportunités d&rsquo;apprentissage ci-dessous.</p>
				<span class="link--learn-more">Voir plus</span>
			</div>
		</li>
			</ul>
</section>

<p>La Fondation canadienne des relations raciales s&rsquo;engage à fournir un soutien pour l&rsquo;éducation transformatrice et des initiatives de formation dans la poursuite de l&rsquo;élimination de toutes les formes de discrimination raciale au Canada. L&rsquo;éducation et les initiatives de formation mettent l’accent sur le renforcement&nbsp;des&nbsp;capacités&nbsp;des&nbsp;organisations&nbsp;afin qu’elles puissent créer des environnements justes, équitables et inclusifs. Le travail [&hellip;]</p>
