{"id":9658,"date":"2024-05-27T13:38:26","date_gmt":"2024-05-27T17:38:26","guid":{"rendered":"https:\/\/crrf-fcrr.ca\/?page_id=9658"},"modified":"2026-04-21T10:20:24","modified_gmt":"2026-04-21T14:20:24","slug":"fnlcr-recipiendaires-subventions-projets","status":"publish","type":"page","link":"https:\/\/crrf-fcrr.ca\/fr\/fnlcr-recipiendaires-subventions-projets\/","title":{"rendered":"Fonds national de lutte contre le racisme \u2013 R\u00e9cipiendaires de subventions pour projets"},"content":{"rendered":"\n\n\n\n<p>Nos b\u00e9n\u00e9ficiaires de subventions pour les projets du FNLCR incluent des organisations qui mettent en \u0153uvre des projets portant sur un ou plusieurs de nos th\u00e8mes cl\u00e9s &#8211; l&rsquo;\u00e9limination des barri\u00e8res raciales syst\u00e9miques, la recherche et l&rsquo;\u00e9ducation, la sensibilisation du public ou le renforcement des communaut\u00e9s culturelles et interculturelles. <\/p>\n\n\n\n<p>Ces projets visent \u00e0 sensibiliser le public aux questions de politique publique li\u00e9es aux relations raciales, \u00e0 l&rsquo;antiracisme ou \u00e0 la lutte contre la haine \u00e0 l&rsquo;\u00e9chelle nationale, r\u00e9gionale ou locale, et \u00e0 accro\u00eetre les connaissances et la capacit\u00e9 des communaut\u00e9s \u00e0 lutter contre le racisme et la discrimination.<\/p>\n\n\n\n<div class=\"wp-block-buttons is-layout-flex wp-block-buttons-is-layout-flex\">\n<div class=\"wp-block-button\"><a class=\"wp-block-button__link wp-element-button\" href=\"https:\/\/crrf-fcrr.ca\/fr\/fnlcr-recipiendaires-de-subventions-pour-projets-2024-2025\/\">Consulter la liste des r\u00e9cipiendaires 2024\/2025 ici<\/a><\/div>\n<\/div>\n\n\n\n<div class=\"wp-block-buttons is-layout-flex wp-block-buttons-is-layout-flex\">\n<div class=\"wp-block-button\"><a class=\"wp-block-button__link wp-element-button\" href=\"https:\/\/crrf-fcrr.ca\/fr\/fnlcr-recipiendaires-projets-2023-2024\/\">Consulter la liste des r\u00e9cipiendaires 2023\/2024 ici<\/a><\/div>\n<\/div>\n\n\n\n<p><\/p>\n","protected":false},"excerpt":{"rendered":"<p>Nos b\u00e9n\u00e9ficiaires de subventions pour les projets du FNLCR incluent des organisations qui mettent en \u0153uvre des projets portant sur un ou plusieurs de nos th\u00e8mes cl\u00e9s &#8211; l&rsquo;\u00e9limination des barri\u00e8res raciales syst\u00e9miques, la recherche et l&rsquo;\u00e9ducation, la sensibilisation du public ou le renforcement des communaut\u00e9s culturelles et interculturelles. Ces projets visent \u00e0 sensibiliser le [&hellip;]<\/p>\n","protected":false},"author":5,"featured_media":0,"parent":0,"menu_order":0,"comment_status":"closed","ping_status":"closed","template":"","meta":{"_acf_changed":false,"footnotes":""},"class_list":["post-9658","page","type-page","status-publish","hentry"],"acf":[],"_links":{"self":[{"href":"https:\/\/crrf-fcrr.ca\/fr\/wp-json\/wp\/v2\/pages\/9658","targetHints":{"allow":["GET"]}}],"collection":[{"href":"https:\/\/crrf-fcrr.ca\/fr\/wp-json\/wp\/v2\/pages"}],"about":[{"href":"https:\/\/crrf-fcrr.ca\/fr\/wp-json\/wp\/v2\/types\/page"}],"author":[{"embeddable":true,"href":"https:\/\/crrf-fcrr.ca\/fr\/wp-json\/wp\/v2\/users\/5"}],"replies":[{"embeddable":true,"href":"https:\/\/crrf-fcrr.ca\/fr\/wp-json\/wp\/v2\/comments?post=9658"}],"version-history":[{"count":5,"href":"https:\/\/crrf-fcrr.ca\/fr\/wp-json\/wp\/v2\/pages\/9658\/revisions"}],"predecessor-version":[{"id":14876,"href":"https:\/\/crrf-fcrr.ca\/fr\/wp-json\/wp\/v2\/pages\/9658\/revisions\/14876"}],"wp:attachment":[{"href":"https:\/\/crrf-fcrr.ca\/fr\/wp-json\/wp\/v2\/media?parent=9658"}],"curies":[{"name":"wp","href":"https:\/\/api.w.org\/{rel}","templated":true}]}}

Fonds national de lutte contre le racisme – Récipiendaires de subventions pour projets

<p>Nos bénéficiaires de subventions pour les projets du FNLCR incluent des organisations qui mettent en œuvre des projets portant sur un ou plusieurs de nos thèmes clés &#8211; l&rsquo;élimination des barrières raciales systémiques, la recherche et l&rsquo;éducation, la sensibilisation du public ou le renforcement des communautés culturelles et interculturelles. </p>



<p>Ces projets visent à sensibiliser le public aux questions de politique publique liées aux relations raciales, à l&rsquo;antiracisme ou à la lutte contre la haine à l&rsquo;échelle nationale, régionale ou locale, et à accroître les connaissances et la capacité des communautés à lutter contre le racisme et la discrimination.</p>



<div class="wp-block-buttons is-layout-flex wp-block-buttons-is-layout-flex">
<div class="wp-block-button"><a class="wp-block-button__link wp-element-button" href="https://crrf-fcrr.ca/fr/fnlcr-recipiendaires-de-subventions-pour-projets-2024-2025/">Consulter la liste des récipiendaires 2024/2025 ici</a></div>
</div>



<div class="wp-block-buttons is-layout-flex wp-block-buttons-is-layout-flex">
<div class="wp-block-button"><a class="wp-block-button__link wp-element-button" href="https://crrf-fcrr.ca/fr/fnlcr-recipiendaires-projets-2023-2024/">Consulter la liste des récipiendaires 2023/2024 ici</a></div>
</div>



<p></p>

<p>Nos bénéficiaires de subventions pour les projets du FNLCR incluent des organisations qui mettent en œuvre des projets portant sur un ou plusieurs de nos thèmes clés &#8211; l&rsquo;élimination des barrières raciales systémiques, la recherche et l&rsquo;éducation, la sensibilisation du public ou le renforcement des communautés culturelles et interculturelles. Ces projets visent à sensibiliser le [&hellip;]</p>
